f 424347425.
5, 19, 893363
What are the prime factors of 110763577?
10159, 10903
List the prime factors of 13060410.
2, 3, 5, 11, 19, 2083
What are the prime factors of 43877254?
2, 21938627
List the prime factors of 6209422649.
53653, 115733
What are the prime factors of 1254091893?
3, 73, 5726447
List the prime factors of 36229974.
2, 3, 11, 61, 8999
List the prime factors of 343034930.
2, 5, 7, 19, 257921
What are the prime factors of 368535304?
2, 967, 47639
What are the prime factors of 2213107087?
2213107087
List the prime factors of 653245004.
2, 19, 8595329
List the prime factors of 11089834.
2, 7, 792131
What are the prime factors of 195371482?
2, 149, 631, 1039
List the prime factors of 63259314.
2, 3, 199, 52981
List the prime factors of 98830931.
23, 4296997
List the prime factors of 1544234665.
5, 97, 3183989
What are the prime factors of 1791271366?
2, 895635683
List the prime factors of 2641493297.
19, 139025963
What are the prime factors of 4899783905?
5, 419, 2338799
What are the prime factors of 15394543?
233, 66071
List the prime factors of 1075241298.
2, 3, 3853, 46511
What are the prime factors of 9055453341?
3, 11, 274407677
What are the prime factors of 6807998714?
2, 11, 309454487
What are the prime factors of 206585794?
2, 509, 202933
What are the prime factors of 158536247?
19, 8344013
What are the prime factors of 547034688?
2, 3, 316571
What are the prime factors of 462727854?
2, 3, 25707103
List the prime factors of 534418637.
59, 9057943
What are the prime factors of 6280560?
2, 3, 5, 11, 13, 61
What are the prime factors of 1082410189?
7, 2441, 63347
List the prime factors of 33095557.
11, 273517
List the prime factors of 287150795.
5, 57430159
List the prime factors of 5760330871.
19, 29, 10454321
What are the prime factors of 28170005?
5, 5634001
What are the prime factors of 11567565?
3, 5, 17, 15121
List the prime factors of 53186988.
2, 3, 4432249
What are the prime factors of 491918104?
2, 71, 866053
List the prime factors of 1537171867.
7, 11, 19963271
List the prime factors of 41411361.
3, 607, 22741
List the prime factors of 139158420.
2, 3, 5, 853, 2719
What are the prime factors of 1401765934?
2, 103, 6804689
What are the prime factors of 5140906213?
5140906213
List the prime factors of 5476134932.
2, 19, 72054407
List the prime factors of 81451340.
2, 5, 109, 37363
List the prime factors of 7380769.
11, 23, 29173
What are the prime factors of 50039996?
2, 19, 23, 28627
What are the prime factors of 3303659867?
3303659867
List the prime factors of 372868948.
2, 389, 239633
List the prime factors of 78794819.
2179, 36161
What are the prime factors of 226039649?
11, 503, 40853
What are the prime factors of 479587494?
2, 3, 79931249
What are the prime factors of 5614025914?
2, 7, 293, 821, 1667
List the prime factors of 783514200.
2, 3, 5, 7, 186551
What are the prime factors of 11593202?
2, 5796601
List the prime factors of 101947744.
2, 3185867
List the prime factors of 180523635.
3, 5, 12034909
What are the prime factors of 68524372?
2, 7, 71, 34469
What are the prime factors of 50507161?
50507161
What are the prime factors of 648115595?
5, 2579, 50261
List the prime factors of 85941925.
5, 461, 7457
List the prime factors of 52556415.
3, 5, 3503761
What are the prime factors of 353192804?
2, 7823, 11287
List the prime factors of 5988018131.
19, 315158849
List the prime factors of 210381096.
2, 3, 83, 105613
What are the prime factors of 3097904606?
2, 269, 599, 9613
What are the prime factors of 8600739972?
2, 3, 11, 65157121
What are the prime factors of 776265992?
2, 61, 1039, 1531
List the prime factors of 5732254998.
2, 3, 12281, 25931
List the prime factors of 1324816315.
5, 10499, 25237
What are the prime factors of 280683779?
29, 9678751
List the prime factors of 141997749.
3, 37, 683, 1873
What are the prime factors of 12339358?
2, 6169679
List the prime factors of 242469128.
2, 11, 23, 119797
What are the prime factors of 78056586?
2, 3, 797, 5441
What are the prime factors of 1855324909?
29, 7103, 9007
What are the prime factors of 139294034?
2, 11, 6331547
List the prime factors of 378804373.
73, 499, 10399
List the prime factors of 146042368.
2, 151, 1889
List the prime factors of 2308887554.
2, 13721, 84137
List the prime factors of 6941009.
23, 13121
List the prime factors of 49831462.
2, 79, 315389
What are the prime factors of 7624527559?
11, 73, 9495053
List the prime factors of 10487142.
2, 3, 257, 2267
What are the prime factors of 308794969?
7, 2111, 20897
List the prime factors of 584701218.
2, 3, 32483401
What are the prime factors of 24953645?
5, 863, 5783
List the prime factors of 29939884.
2, 13, 107, 5381
What are the prime factors of 237966329?
9497, 25057
What are the prime factors of 12824297?
19, 31, 21773
List the prime factors of 254615732.
2, 7, 17, 19, 47, 599
What are the prime factors of 3754322042?
2, 4421, 424601
What are the prime factors of 19964876?
2, 29, 109, 1579
List the prime factors of 4425801663.
3, 1475267221
List the prime factors of 4123644938.
2, 7, 7487, 39341
What are the prime factors of 392331929?
11, 859, 41521
What are the prime factors of 1190829421?
2753, 432557
What are the prime factors of 522218472?
2, 3, 349, 62347
What are the prime factors of 408409727?
11, 3375287
List the prime factors of 250349614.
2, 31, 509, 7933
List the prime factors of 52944392.
2, 17, 389297
List the prime factors of 53852351.
7, 107, 71899
What are the prime factors of 215245653?
3, 7, 17, 602929
List the prime factors of 126225714.
2, 3, 17, 61, 20287
What are the prime factors of 1437978022?
2, 13, 55306847
What are the prime factors of 1128901055?
5, 19, 11883169
What are the prime factors of 68112308?
2, 11, 719, 2153
List the prime factors of 94753309.
7, 1933741
List the prime factors of 181119422.
2, 11, 31, 265571
What are the prime factors of 437683876?
2, 7, 2233081
List the prime factors of 221215504.
2, 31, 653, 683
What are the prime factors of 582333846?
2, 3, 97055641
List the prime factors of 12991339.
12991339
What are the prime factors of 111965626?
2, 37, 1513049
What are the prime factors of 1195781193?
3, 132864577
What are the prime factors of 4148868960?
2, 3, 5, 2881159
List the prime factors of 428898470.
2, 5, 7, 11, 13, 6121
What are the prime factors of 942593576?
2, 347, 457, 743
List the prime factors of 24505976.
2, 11, 17, 16381
List the prime factors of 407798661.
3, 353, 385079
List the prime factors of 46894144.
2, 11, 59, 1129
What are the prime factors of 435807303?
3, 145269101
What are the prime factors of 132470424?
2, 3, 613289
List the prime factors of 337835549.
1217, 277597
List the prime factors of 273810692.
2, 29, 83, 28439
What are the prime factors of 2033454619?
7, 290493517
List the prime factors of 1149121518.
2, 3, 47, 79, 51581
List the prime factors of 2465856472.
2, 308232059
What are the prime factors of 382516222?
2, 11, 17387101
What are the prime factors of 53006064?
2, 3, 1104293
List the prime factors of 716107052.
2, 269, 665527
What are the prime factors of 64283708?
2, 31, 518417
What are the prime factors of 12651891?
3, 7, 19, 37, 857
What are the prime factors of 201399714?
2, 3, 17, 658169
List the prime factors of 85515427.
233, 367019
List the prime factors of 276814272.
2, 3, 7, 205963
What are the prime factors of 197146853?
487, 404819
List the prime factors of 24136635.
3, 5, 1609109
What are the prime factors of 82093553?
1459, 56267
What are the prime factors of 922117629?
3, 113, 937, 2903
What are the prime factors of 1103779938?
2, 3, 183963323
List the prime factors of 877266440.
2, 5, 1381, 15881
List the prime factors of 62168639.
13, 47, 101749
List the prime factors of 1560994.
2, 599, 1303
List the prime factors of 4581112246.
2, 2290556123
List the prime factors of 7864721.
7864721
List the prime factors of 7874703451.
37, 2843, 74861
List the prime factors of 873554613.
3, 5591, 52081
What are the prime factors of 167402485?
5, 17, 47, 41903
What are the prime factors of 1347315891?
3, 37, 12137981
List the prime factors of 403595453.
17, 71, 334379
What are the prime factors of 183119543?
29, 137, 46091
List the prime factors of 236093913.
3, 11, 491, 1619
List the pr